 - 7*p**2. What are the prime factors of d(s)?
2, 5
Suppose 5*q - 5*s = 1175 + 4265, 4*q - 2*s = 4350. What are the prime factors of q?
1087
Suppose 107 = 3*u - 880. List the prime factors of u.
7, 47
Suppose -18 - 27 = -5*r - 5*v, -2*r = -5*v - 18. Suppose r*s - 378 = 63. What are the prime factors of s?
7
Suppose 6*u + 3*h = 2*u + 2604, 4*h = -16. List the prime factors of u.
2, 3, 109
Let s = -10 - -12. Suppose s*v - 233 = 65. List the prime factors of v.
149
Let o(h) = -2*h**3 - h**2 - 12*h - 10. What are the prime factors of o(-6)?
2, 229
Let h = -106 - -126. List the prime factors of 2/(-8) - (-2485)/h.
2, 31
Let t = 141 - -126. Let p = t + -145. List the prime factors of p.
2, 61
What are the prime factors of 77349/69 - 2*5?
11, 101
Let f(a) = -a - 2 - 1 + 1. Suppose p + 4*x = -2*p - 7, -2*p = -3*x + 33. What are the prime factors of f(p)?
7
Suppose -21*q - 2385 = -6*q. Let c = q + 313. List the prime factors of c.
2, 7, 11
Suppose w - 15*z + 16*z - 2392 = 0, -4*w + 5*z + 9586 = 0. What are the prime factors of w?
2, 3, 7, 19
Suppose 5*r - 11 + 16 = 0. What are the prime factors of r/((4 - 5736/819) + 3)?
3, 7, 13
Let s(t) = -t**2 + 11*t. Let g be s(7). Suppose 0 = 4*j - 2*j + g. Let w = j - -24. List the prime factors of w.
2, 5
Let m(b) = 5*b**2. Suppose 23 = 3*v + 4*i, 20 = 3*i + 5. Let r be m(v). Let o = 31 + r. List the prime factors of o.
2, 3
Suppose -3*o + 20 = 2. Let q be 4/o*(-11268)/(-24). Suppose -6*n = 73 - q. What are the prime factors of n?
2, 5
Suppose 5*x - 2*l = 12 + 4, -3*l - 5 = 2*x. Let v(h) = 11 + 8*h - 3 + h**x + 5 - 4. What are the prime factors of v(-9)?
2, 3
Let u(n) = -127*n - 48. What are the prime factors of u(-21)?
3, 97
Suppose -2 = -2*a + 4. Suppose g = t - a*g - 105, 2*g - 4 = 0. List the prime factors of t.
113
Let g(s) = 330*s**3 + 15*s - 23. What are the prime factors of g(2)?
2647
Suppose 6*t = 8*t - 156. Let r = 155 + t. List the prime factors of r.
233
Let a = -109 - -111. Suppose b = -4*k + 1, -4*b + 3*k + a*k = -25. What are the prime factors of b?
5
Let a(t) = -t**3 + 12*t**2 + 12. What are the prime factors of a(9)?
3, 5, 17
Let r be (-12)/(-36) + (32/6)/(-1). Let c(h) be the first derivative of -5*h**2 + 12*h - 10. List the prime factors of c(r).
2, 31
What are the prime factors of (-20788)/(-18) - -6 - (-1)/9?
3, 43
Suppose 16*m - 1074 - 2654 = 0. Let z = m + -50. List the prime factors of z.
3, 61
Let o(r) = 4*r**2 - r - 12. Let w be o(5). Suppose 0 = -j - 4*z + w, -123 = -j - 3*z + 7*z. What are the prime factors of j?
103
Suppose 6 = 4*s - 2*l + 28, -5*l = s + 33. List the prime factors of 4/((-8)/6)*s.
2, 3
Suppose 2*p - 9 = -p. Suppose 0 = 3*a - y + p*y - 149, 0 = -2*a + 5*y + 93. What are the prime factors of a?
7
Suppose 0 = 2*a - 2*w - 16, 0*a = 4*a + 4*w + 8. Suppose -a*h + 5*h = -216. What are the prime factors of 1 + -1 - h/3?
2, 3
Suppose -6*q - 5 = -q. Let x be -5*((-33)/15 - q). Suppose -100 = -x*c + 2*c. What are the prime factors of c?
5
Let w(z) be the third derivative of 11/60*z**5 + 0 - 1/24*z**4 + 1/6*z**3 + 4*z**2 + 0*z. What are the prime factors of w(1)?
11
Let o(i) = -2*i**2 - 6*i - 3. Let q be o(-3). Let b(k) = -2*k. Let l be b(q). List the prime factors of (219/6)/(l/12).
73
List the prime factors of (-550836)/(-130) - ((-16)/20 - 0).
2, 13, 163
Let v(s) be the second derivative of 5*s**4/6 + s**2 + 16*s. What are the prime factors of v(2)?
2, 3, 7
Suppose -4*y + 14 = 2*q, 0*y - 6 = -3*y. Let z(m) = 7*m + 4. List the prime factors of z(q).
5
List the prime factors of ((-143)/3)/((-2)/18) - 3.
2, 3, 71
Let b = -1512 - -2521. List the prime factors of b.
1009
Let c(y) = 4*y**2 - 29*y - 32. Let l be (-4)/((-4)/14*(9 + -8)). List the prime factors of c(l).
2, 173
Let i(y) = -y + 4. Let x be i(4). Suppose -49 - 118 = -4*j - s, x = 2*s + 10. List the prime factors of j.
43
Suppose w - 5*w + 32 = 0. Let t = w - 20. List the prime factors of (t/(-10))/((-21)/(-140)).
2
Let a(j) = -14*j**2 + j - 2. Let h be a(1). What are the prime factors of 1*-5*81/h?
3
Let x be -1 - ((-1 - 2) + -20). Let t be x/8 + 3/12. Suppose 2*g = -t*g + 340. List the prime factors of g.
2, 17
Let f(j) be the second derivative of -3*j**3/2 - 3*j**2/2 + j. Let x be -3 - 0*(-1)/(-2). What are the prime factors of f(x)?
2, 3
Let p be 53*((-24)/6 + 10). What are the prime factors of 5*(-1 - 8/(-5)) + p?
3, 107
Suppose 0 = 5*z - 4*z + 5*o - 593, z + o = 613. Suppose 7*f + 114 - z = 0. List the prime factors of f.
2, 3
Let h(s) = 405*s**2 - 12*s + 13. What are the prime factors of h(1)?
2, 7, 29
Let g = -115 - -33. Let h = g + 121. What are the prime factors of h?
3, 13
Suppose -4*h + 28 = 3*h. Suppose 3*b - 3*t + 119 = 4*b, 0 = -3*b + h*t + 409. List the prime factors of b.
131
Let t(m) = -7*m**2 - 2*m + 16. Let a be t(6). What are the prime factors of a/(-14) - ((-46)/14 - -3)?
2, 3
Let l(w) = -w - 5 - 3*w + 20 - 4*w. What are the prime factors of l(-5)?
5, 11
Let t = -1247 + 2137. List the prime factors of t.
2, 5, 89
Suppose 437*w - 60792 = 425*w. What are the prime factors of w?
2, 17, 149
Suppose 13*v = 1887 + 1155. Suppose 5*j - v = 2*j. List the prime factors of j.
2, 3, 13
Suppose 181 = 3*j - 29. Suppose 2*o + z = -3*o + 82, 5*z = 5*o - j. List the prime factors of o.
2
Let g(v) = -v**3 + 18*v**2 + 26*v - 14. What are the prime factors of g(18)?
2, 227
Let y(u) = -2*u**2 + 16*u - 9. Let t be y(7). Suppose -t*b - 4*p = -159, 5*p - 50 = -3*b + b. What are the prime factors of b?
5, 7
Let j(o) = -o**2 + 13*o + 12. Suppose -5*x = 4*q - 29, -5*x + 0*q - 2*q = -37. Let l be j(x). Suppose -18 - l = -3*z. List the prime factors of z.
2, 11
Suppose 2*x - 6 = 18. List the prime factors of -178*2*(-3)/x.
89
Let g be (-17)/(-4) - (-2)/(-8). Let x = -2 - g. List the prime factors of (-3)/x + 42/4.
11
Suppose 12*p - 30*p + 63774 = 0. What are the prime factors of p?
3, 1181
Let l(r) = -r + 143*r**3 + 3*r**2 - 19 + 6 + 12. What are the prime factors of l(1)?
2, 3
Let s(y) = y + 12. Suppose 2*j + 3*j = -45. Let r be s(j). What are the prime factors of (-1)/((r/10)/(-3))?
2, 5
Suppose 0 = q + 4*q - 100. Suppose -5*r + q = 5. List the prime factors of (r + 0)*(-16)/(-3).
2
Let z = 53 - 50. Suppose 0 = 4*f - z*o - 501, 4*o + 449 = 4*f - 55. What are the prime factors of f?
3, 41
List the prime factors of 260/12*90/25.
2, 3, 13
Let b = 111 - 108. Suppose -b*j + 204 = -3*s, -j + 2*s + 48 = -19. What are the prime factors of j?
3, 23
Let z be (-4 + -15)/(-1) + (2 - 3). Suppose z = -h + 65. List the prime factors of h.
47
Let l(z) be the second derivative of z**4/12 - 5*z**3/6 - 2*z**2 - 4*z. Let i be l(7). List the prime factors of (i - 7)/(0 - -1).
3
Suppose -32 - 52 = -m. Let c = m + -2. List the prime factors of c.
2, 41
Let k = 537 + -273. Suppose -4*g = -g - k. What are the prime factors of g?
2, 11
What are the prime factors of (1146/12*-3)/(3/(-4))?
2, 191
Let r(z) = 2*z**2 - 53*z - 187. List the prime factors of r(50).
3, 7, 103
Suppose 9*s - 36 = 3*s. Suppose -714 = -0*m - s*m. What are the prime factors of m?
7, 17
What are the prime factors of (-1 + 639/45)/(4/110)?
3, 11
Suppose g - 2 = 2*g. Suppose -7 + 8 = r. Let x = r - g. What are the prime factors of x?
3
Let w be (-12)/(-7) - (-2)/7. Suppose 1 = 3*m - w*m, 0 = 4*r + 3*m - 287. What are the prime factors of r?
71
Let m(v) = -52*v - 25. What are the prime factors of m(-5)?
5, 47
Suppose 2*i - 96 = 54. Suppose -l = 4*l - i. What are the prime factors of (-28)/10*l/(-3)?
2, 7
Let i = -7 + 9. Suppose 23 - 4 = i*l + 5*b, 0 = -4*l - 2*b + 14. Suppose -2*p - 136 = -l*n, -p - 2*p - 135 = -2*n. List the prime factors of n.
3, 23
Let d(s) = 3*s**2 + 3*s + 1. Let o be (-28)/(-126) + (-94)/18. Let f be d(o). Let w = f + -12. What are the prime factors of w?
7
Let v(c) = -c**3 + 5*c**2 + 3*c + 13. Let l be v(6). List the prime factors of (-171)/(-3) + 1 + l.
53
Suppose -5*j - 43 = -4*w, 0*w + 4*j + 40 = 4*w. Suppose -3*h - 7*v - 1 = -5*v, w = -h - 2*v. What are the prime factors of h?
3
Suppose 11*i - 27 = 2*i. Suppose 42 + 111 = i*u. What are the prime factors of u?
3, 17
Let d(q) = -9*q**3 - 7*q**2 + 6*q + 40. List the prime factors of d(-4).
2, 3, 5
Let p = 2 + 3. Let f = -8 + p. List the prime factors of (1/f)/((-3)/198).
2, 11
Suppose 0 = -5*c - 7*c + 1452.